{"version":"1.0","provider_name":"Maskinmestrenes Forening","provider_url":"https:\/\/www.mmf.dk\/karriereunivers","author_name":"Sarah Bregnh\u00f8j","author_url":"https:\/\/www.mmf.dk\/karriereunivers\/author\/sarah\/","title":"F\u00e5r du afholdt al din ferie? - Maskinmestrenes Forening","type":"rich","width":600,"height":338,"html":"<blockquote class=\"wp-embedded-content\" data-secret=\"jNLn9UYP4N\"><a href=\"https:\/\/www.mmf.dk\/karriereunivers\/faar-du-afholdt-al-din-ferie\/\">F\u00e5r du afholdt al din ferie?<\/a><\/blockquote><iframe sandbox=\"allow-scripts\" security=\"restricted\" src=\"https:\/\/www.mmf.dk\/karriereunivers\/faar-du-afholdt-al-din-ferie\/embed\/#?secret=jNLn9UYP4N\" width=\"600\" height=\"338\" title=\"&#8220;F\u00e5r du afholdt al din ferie?&#8221; &#8212; Maskinmestrenes Forening\" data-secret=\"jNLn9UYP4N\" frameborder=\"0\" marginwidth=\"0\" marginheight=\"0\" scrolling=\"no\" class=\"wp-embedded-content\"><\/iframe><script type=\"text\/javascript\">\n\/* <![CDATA[ *\/\n\/*! This file is auto-generated *\/\n!function(d,l){\"use strict\";l.querySelector&&d.addEventListener&&\"undefined\"!=typeof URL&&(d.wp=d.wp||{},d.wp.receiveEmbedMessage||(d.wp.receiveEmbedMessage=function(e){var t=e.data;if((t||t.secret||t.message||t.value)&&!\/[^a-zA-Z0-9]\/.test(t.secret)){for(var s,r,n,a=l.querySelectorAll('iframe[data-secret=\"'+t.secret+'\"]'),o=l.querySelectorAll('blockquote[data-secret=\"'+t.secret+'\"]'),c=new RegExp(\"^https?:$\",\"i\"),i=0;i<o.length;i++)o[i].style.display=\"none\";for(i=0;i<a.length;i++)s=a[i],e.source===s.contentWindow&&(s.removeAttribute(\"style\"),\"height\"===t.message?(1e3<(r=parseInt(t.value,10))?r=1e3:~~r<200&&(r=200),s.height=r):\"link\"===t.message&&(r=new URL(s.getAttribute(\"src\")),n=new URL(t.value),c.test(n.protocol))&&n.host===r.host&&l.activeElement===s&&(d.top.location.href=t.value))}},d.addEventListener(\"message\",d.wp.receiveEmbedMessage,!1),l.addEventListener(\"DOMContentLoaded\",function(){for(var e,t,s=l.querySelectorAll(\"iframe.wp-embedded-content\"),r=0;r<s.length;r++)(t=(e=s[r]).getAttribute(\"data-secret\"))||(t=Math.random().toString(36).substring(2,12),e.src+=\"#?secret=\"+t,e.setAttribute(\"data-secret\",t)),e.contentWindow.postMessage({message:\"ready\",secret:t},\"*\")},!1)))}(window,document);\n\/* ]]> *\/\n<\/script>\n","thumbnail_url":"https:\/\/www.mmf.dk\/karriereunivers\/wp-content\/uploads\/2018\/12\/83a9554230ed6e6cccfe522a2a4bd53e_XL.jpg","thumbnail_width":900,"thumbnail_height":600,"description":"Vi er netop ved at v\u00e6re igennem det f\u00f8rste hele ferie\u00e5r i den nye ferielov. Har du styr p\u00e5 reglerne for din eventuelle rest af ubrugte feriedage, s\u00e5 du undg\u00e5r, at de g\u00e5r tabt? Udgangen af august m\u00e5ned markerer, efter den nye ferielov, overgangen til et nyt ferie\u00e5r. Selvom langt st\u00f8rstedelen allerede har afholdt \u2013 [&hellip;]"}

Sarah Bregnhøj

Får du afholdt al din ferie? - Maskinmestrenes Forening

<blockquote class="wp-embedded-content" data-secret="jNLn9UYP4N"><a href="https://www.mmf.dk/karriereunivers/faar-du-afholdt-al-din-ferie/">Får du afholdt al din ferie?</a></blockquote><iframe sandbox="allow-scripts" security="restricted" src="https://www.mmf.dk/karriereunivers/faar-du-afholdt-al-din-ferie/embed/#?secret=jNLn9UYP4N" width="600" height="338" title="&#8220;Får du afholdt al din ferie?&#8221; &#8212; Maskinmestrenes Forening" data-secret="jNLn9UYP4N" frameborder="0" marginwidth="0" marginheight="0" scrolling="no" class="wp-embedded-content"></iframe><script type="text/javascript">
/* <![CDATA[ */
/*! This file is auto-generated */
!function(d,l){"use strict";l.querySelector&&d.addEventListener&&"undefined"!=typeof URL&&(d.wp=d.wp||{},d.wp.receiveEmbedMessage||(d.wp.receiveEmbedMessage=function(e){var t=e.data;if((t||t.secret||t.message||t.value)&&!/[^a-zA-Z0-9]/.test(t.secret)){for(var s,r,n,a=l.querySelectorAll('iframe[data-secret="'+t.secret+'"]'),o=l.querySelectorAll('blockquote[data-secret="'+t.secret+'"]'),c=new RegExp("^https?:$","i"),i=0;i<o.length;i++)o[i].style.display="none";for(i=0;i<a.length;i++)s=a[i],e.source===s.contentWindow&&(s.removeAttribute("style"),"height"===t.message?(1e3<(r=parseInt(t.value,10))?r=1e3:~~r<200&&(r=200),s.height=r):"link"===t.message&&(r=new URL(s.getAttribute("src")),n=new URL(t.value),c.test(n.protocol))&&n.host===r.host&&l.activeElement===s&&(d.top.location.href=t.value))}},d.addEventListener("message",d.wp.receiveEmbedMessage,!1),l.addEventListener("DOMContentLoaded",function(){for(var e,t,s=l.querySelectorAll("iframe.wp-embedded-content"),r=0;r<s.length;r++)(t=(e=s[r]).getAttribute("data-secret"))||(t=Math.random().toString(36).substring(2,12),e.src+="#?secret="+t,e.setAttribute("data-secret",t)),e.contentWindow.postMessage({message:"ready",secret:t},"*")},!1)))}(window,document);
/* ]]> */
</script>

Vi er netop ved at være igennem det første hele ferieår i den nye ferielov. Har du styr på reglerne for din eventuelle rest af ubrugte feriedage, så du undgår, at de går tabt? Udgangen af august måned markerer, efter den nye ferielov, overgangen til et nyt ferieår. Selvom langt størstedelen allerede har afholdt – [&hellip;]
